e
Suppose -2*a + 5*w = 2*a - 39, -4*w = 2*a. Let k(o) = -a*o + 5*o - 4*o**2 + 7*o + 5*o**2 + 9. Is k(-8) composite?
True
Suppose 16 - 26 = -5*k. Suppose -k*v = f - 689, -2*v + 5*f = -5*v + 1044. Suppose y - v = -3*z, -z - y - 222 = -3*z. Is z a prime number?
True
Let h(m) = m**2 + 3 - 2*m**2 + 6*m**2 - 4*m**2. Is h(-4) composite?
False
Let u = 1767 - -701. Let d = -31 + u. Is d a prime number?
True
Is (3 - 1)/((-4)/(-53662)*7) a prime number?
True
Let w(b) = -32*b - 9. Let f(d) = -d - 1. Let t(y) = 2*f(y) - w(y). Is t(2) composite?
False
Suppose u = g - 3*g - 2, g - 5 = -2*u. Is -2 + (8835/3 - u) a prime number?
True
Let y = 22 + -19. Suppose 0 = -z + 5*c + 3 + 1, -c = -y*z - 2. Is -1*(z - 442/1) prime?
True
Suppose -401 = -k + 4*q + 291, 5*k + q - 3544 = 0. Suppose 2185 = -3*j - x + 767, -2*x = 3*j + 1423. Let w = j + k. Is w prime?
False
Let u(r) = 2*r. Let q be u(2). Let l(w) = 7*w**2 + 19*w**2 + 0*w**2 - 2*w - 1. Is l(q) composite?
True
Let v(a) = -6*a - 57. Let x(r) = -r**3 - 3*r**2 - 1. Let y be x(-3). Let l(p) = -p. Let q(h) = y*v(h) + 4*l(h). Is q(0) a prime number?
False
Let y = 3 + -1. Let g(b) = -60*b**y + 2*b + 83*b**2 + 0 + 1. Is g(-2) a composite number?
False
Let l(k) = -9541*k - 8. Is l(-1) a prime number?
True
Suppose 5*n - i - 103030 = -0*n, -3*n - 3*i + 61800 = 0. Suppose -5*s + 18*s - n = 0. Is s a composite number?
True
Is (7102/134)/((-1)/(-149)) prime?
False
Let o = -11 - -5. Let d = 15 - 17. Is (124/d)/(-7 - o) composite?
True
Let w be (70/(-5))/(6/(-132)). Suppose -2947 = -4*d + 3*r, -4*r = d - 405 - w. Is d composite?
False
Let d = -44 - -50. Suppose -d*i + 418 = -4*i. Is i a composite number?
True
Suppose 0 = 3*h - n - 86, -6*h = -2*h + 5*n - 140. Let i be 9704/(-10)*h/(-12). Suppose -3*j + 5*j - i = 0. Is j a prime number?
True
Let l(s) = 24*s**2 + 7*s - 25. Is l(-10) composite?
True
Let t be (-4)/8 + 2/4. Suppose -2*n - 2082 = -5*r, t = -r - 2*r + n + 1250. Let d = -287 + r. Is d composite?
False
Suppose -3*a - 37166 = -1649. Let g = -8178 - a. Is g a prime number?
False
Let x = 108 + 83. Is x prime?
True
Suppose 2*s - s - 3 = 0. Suppose 91 + 176 = s*a. Is a a prime number?
True
Suppose -4*r = -0*r - 64. Let d(s) = -5*s - 12 - r*s + 6 + 7. Is d(-2) a prime number?
True
Suppose -2*g + b - 1436 = -0*g, -3*g - 2154 = -5*b. Let r = g + 1209. Is r a composite number?
False
Let i = 960 + 44201. Is i a prime number?
True
Suppose 40 = -5*l + 5*q, -4*q - 9 + 27 = -2*l. Let h(s) = -51*s + 34. Is h(l) a prime number?
False
Suppose 0 = -3*u - k + 8, 2*k + 14 = 4*u - 0*k. Let n(m) = 361*m - 1. Let h be n(u). Suppose h = 5*f - 773. Is f prime?
False
Let v be (1 + -2)*3 - -13377. Is v/10 + (-6)/15 a prime number?
False
Suppose 24181 = 3*s - v, 2*s + 886 = -3*v + 16992. Is s composite?
False
Is -3 + 8 + -4 - -36300 a composite number?
True
Let o be ((-3)/(-2))/(1/2). Suppose -3438 = -3*s - o*s. Is s a composite number?
True
Is -381*(2/(-1) - 18/(-54)) a prime number?
False
Suppose -4*m - 3*y = m - 4678, -4*m + 4*y = -3736. Suppose -m = -2*u + 2531. Is u a composite number?
False
Let x(u) = -261*u + 3. Let k(p) = 522*p - 5. Let m(a) = -2*k(a) - 5*x(a). Is m(2) a composite number?
True
Is 1383 + (-6 - 0) - (-1 - -7) composite?
True
Is (3/(48/(-17416)))/((-1)/2) a composite number?
True
Let h(r) = -69*r**3 + r + 1. Let m be h(-2). Suppose 4*u + y + 856 = 0, 3*u + 2*y = u - 428. Let q = m + u. Is q a composite number?
False
Let m = -6 + 8. Suppose 378 = 5*p + s - 85, -4*s = -m*p + 194. Suppose -i - 2*i = -p. Is i a prime number?
True
Suppose 6284 = -4*i + 19856. Let z = i + -2384. Is z composite?
False
Let m = -1027 + 1836. Is m a prime number?
True
Let m = -165 + 196. Is m prime?
True
Suppose 23677 = 4*f + 3*m, 6*m - 2*m + 5943 = f. Is f a composite number?
False
Suppose -b + u - 1885 = -3*b, -2829 = -3*b - 3*u. Is (b/18)/((-2)/(-6)) prime?
True
Let z(f) = f**3 + 8*f**2 - 6*f - 2. Suppose 0 = 4*g + s - 9, 3*g + s - 4 - 2 = 0. Let i be (5/g)/(5/15). Is z(i) a composite number?
False
Let i(c) = 35*c**3 - 13*c**2 + 3*c + 14. Let d be i(6). Suppose -150*k = -154*k + d. Is k composite?
True
Let k(m) = 25*m - 12. Is k(17) a composite number?
True
Let j(r) = 402*r**2 + 24*r + 39. Is j(18) prime?
False
Let m be 75/(-10)*4/(-35)*7. Is (-4)/m*(-5 + (-45609)/6) a prime number?
False
Let k(n) = -2*n - 5. Let j be k(-5). Suppose -8*x + j*x - 48 = 0. Is ((-8)/x)/((-2)/(-356)) a composite number?
False
Is ((-14)/5)/((-100)/11750) prime?
False
Suppose -5*h = -771 - 634. Let r = -29 + 34. Suppose 2*d = 4*y + 122, -r*d + y = -y - h. Is d composite?
True
Let s = 5470 - -3757. Is s a composite number?
False
Suppose -69*a = -68*a - 21178. Is a a prime number?
False
Let j(h) = 7183*h - 68. Is j(3) a prime number?
True
Let b be 8*2/4 - 2. Suppose 0 = 2*p + 6, -b*r + 5*p + 2322 = -r. Is r a composite number?
True
Let p(d) = 817*d + 20. Is p(9) a composite number?
True
Suppose c - r - 5556 = 0, -5*r = -3*c + c + 11109. Is c composite?
False
Suppose 2*c = 3*c + l - 9657, c - 9645 = 5*l. Is c prime?
False
Suppose -15*s + 316347 + 129438 = 0. Is s a prime number?
False
Let b(a) = 104*a + 33. Let z be ((-170)/20)/((-3)/6). Is b(z) a prime number?
True
Let h = 6 + -2. Suppose h*a + q = 884, 2*a - 6*a + 5*q + 884 = 0. Is a a prime number?
False
Is 14396 + 6 + (-1 + -4)/5 a prime number?
True
Suppose 6*l + 6876 - 42582 = 0. Is l a composite number?
True
Suppose 0 + 4 = 2*a, -2*g + 268 = -5*a. Suppose -2*s - 25 + g = 0. Is s prime?
False
Let v be (-11)/(-11) + 1*-1. Suppose -2*r + 240 + 926 = v. Is r composite?
True
Let f(g) = 506*g - 85. Is f(7) a prime number?
True
Let k be 16/2*(-11)/22. Let a = k - -11. Suppose -2*f - 455 = -a*f. Is f a prime number?
False
Let d(p) = 13*p + 5. Let j = 78 + -74. Is d(j) composite?
True
Let g(o) = -o**2 - 18*o - 13. Let d be g(-17). Suppose -d*u - 5*q = -240, -u - u = -q - 106. Is u a composite number?
True
Let z(r) = 1005*r - 491. Is z(6) a prime number?
False
Let s(v) = -7*v + 10. Let d be s(1). Suppose 9*g - 4*g - 5 = 0, 3*g - 9 = -3*o. Suppose -2*t + 192 = -q - 227, o*t + d*q - 431 = 0. Is t composite?
False
Let p be 3*-2*3/(-6). Suppose 8 = p*v + v. Suppose 15 = v*t - 3*u, t - u = -t + 13. Is t composite?
True
Let r = 9 - 12. Let n be (r + 2)/((-4)/(-236)). Let w = 114 + n. Is w a prime number?
False
Let i be 92*(-1 + -35)/1. Let g = -1195 - i. Is g prime?
False
Suppose -9 = -2*h - 11, 610 = 3*g - 4*h. Suppose -3*a + g = -k, -2*k + 3*k + 1 = 0. Is a a composite number?
False
Let k(l) = -l**3 + 22*l**2 + 3*l + 16. Let t be k(22). Suppose d = 75 + t. Is d a prime number?
True
Suppose -4*x - 5*y + 0*y - 465 = 0, -343 = 3*x - 2*y. Let c(q) = q**3 + 14*q**2 + 12*q - 14. Let a be c(-14). Let m = x - a. Is m composite?
False
Let f(l) = -99*l - 23. Suppose -5 + 33 = -n - 4*w, -15 = 5*w. Is f(n) composite?
True
Let w(b) = -22*b + 5. Let g be w(-4). Suppose 4*k - 119 = g. Is k prime?
True
Let f(v) = -v + 17. Let g be f(12). Suppose -g*h + 4*h - 1 = q, -3*q + 17 = -2*h. Is 587/h*20/(-5) a prime number?
True
Is (1 + 9693/(-9))/(0 - 2) a composite number?
True
Let w = 727 + -1168. Let x be 4/14 - 25750/(-35). Let c = w + x. Is c a composite number?
True
Let c(t) be the first derivative of 11*t**3/3 - t**2/2 - 7*t - 222. Suppose 10 = 4*r - 10. Is c(r) a composite number?
False
Let r be -18*2*(-321)/12. Let u = -376 + r. Is u composite?
False
Let i(f) = 2470*f**2 + 42*f + 43. Is i(-1) prime?
False
Let s be (-2)/((14/(-4))/7). Let y(f) = 2*f**3 - 6*f**2 + 3*f - 1. Let n be y(s). Suppose 0 = -4*b + 135 - n. Is b composite?
False
Let g = 578 + -970. Let a(t) = t**3 + 9*t**2 - 2*t - 3. Let x be a(6). Let s = x - g. Is s a prime number?
False
Let x(y) = -14216*y - 3. Is x(-2) composite?
False
Let r(j) = -j**2 + 7*j - 5. Let s be r(6). Is ((-87)/(-12))/(s/92) prime?
False
Let a = 3430 - 1919. Is a prime?
True
Let g be (-642)/(-8) - 9/(-12). Suppose 5*p - g = 69. Suppose -f - 216 = -5*l, l - p = 2*f + 15. Is l a composite number?
False
Let l(n) = -2 + n + n - n**2 - 379*n**3 - 5*n. Let t = -184 - -183. Is l(t) a composite number?
False
Let q = 936 + -652. Let o = q - 49. Is o prime?
False
Let m be 1/(-2*3/(-18)). Suppose m*w - 1086 = -5*b, -4*b + 882 = -w - w. Suppose 4*y - 89 = b. Is y composite?
True
Suppose -3*d - 39 = 42. Is 1262/3*d/(-18